{"id":112367,"date":"2025-07-09T12:29:54","date_gmt":"2025-07-09T16:29:54","guid":{"rendered":"https:\/\/naturalsciences.org\/calendar\/?page_id=112367"},"modified":"2025-07-25T20:04:45","modified_gmt":"2025-07-26T00:04:45","slug":"presentaciones-dia-de-la-ciencia-y-la-cultura-2","status":"publish","type":"page","link":"https:\/\/naturalsciences.org\/calendar\/presentaciones-dia-de-la-ciencia-y-la-cultura-2\/","title":{"rendered":"Presentaciones \u2013 D\u00edA DE LA CIENCIA Y LA CULTURA"},"content":{"rendered":"<h2><a href=\"https:\/\/naturalsciences.org\/calendar\/event\/dia-de-la-ciencia-y-la-cultura-2\/\">D\u00eda de la Ciencia y la Cultura<\/a><\/h2>\n<h2><a href=\"https:\/\/naturalsciences.org\/calendar\/activities-dia-de-la-ciencia-y-la-cultura\/\"><strong>Exhibiciones y Actividades<\/strong><\/a>\u00a0|\u00a0<strong><a href=\"https:\/\/naturalsciences.org\/calendar\/activities-dia-de-la-ciencia-y-la-cultura\/#English\">Exhibits &amp; Activities<\/a><\/strong><\/h2>\n<h2><strong><a href=\"https:\/\/naturalsciences.org\/calendar\/accesibilidad-dia-de-la-ciencia-y-la-cultura\/\">Accesibilidad<\/a> |\u00a0<a href=\"https:\/\/naturalsciences.org\/calendar\/accesibilidad-dia-de-la-ciencia-y-la-cultura\/#AccessibilityEnglish\">Accessibility<\/a><\/strong><\/h2>\n<h2><strong><a href=\"https:\/\/naturalsciences.org\/calendar\/voluntarios-dia-de-la-ciencia-y-la-cultura\/\">Voluntarios<\/a>\u00a0|\u00a0<a href=\"https:\/\/naturalsciences.org\/calendar\/voluntarios-dia-de-la-ciencia-y-la-cultura\/#volunteers\">Volunteers<\/a><\/strong><\/h2>\n<h2><strong>Presentaciones | <strong><a href=\"https:\/\/naturalsciences.org\/calendar\/presentaciones-dia-de-la-ciencia-y-la-cultura-2\/#English\">Presentations<\/a><\/strong><\/strong><\/h2>\n<hr \/>\n<div class=\"movie-block row\">\n<div class=\"col-sm-4\">\n<h3>10:20 AM &#8211; 10:45 AM<\/h3>\n<h3>Bienvenida y Exhibici\u00f3n de Danza<\/h3>\n<\/div>\n<div class=\"col-sm-4\">\n<h4>Ubicaci\u00f3n<\/h4>\n<p>SECU Daily Planet Theater \u2014 1st Floor, Nature Research Center<\/p>\n<\/div>\n<div class=\"col-sm-4\">\n<h4>Descripci\u00f3n<\/h4>\n<p>Una exhibici\u00f3n de danza de Takiri Folclor Latino y bienvenida con comentarios de NCMNS, el Consulado General de M\u00e9xico y la Red Global MX Cap\u00edtulo Raleigh.<\/p>\n<p>Para todas las edades.<\/p>\n<\/div>\n<\/div>\n<hr \/>\n<div class=\"movie-block row\">\n<div class=\"col-sm-4\">\n<h3>11:00 AM &#8211; 11:40 AM<\/h3>\n<h3>Cuando las Estrellas Cambian de Color, Con Introducci\u00f3n de OpenSpace<\/h3>\n<p><em>Dr. Enrique G\u00f3mez, Profesor de F\u00edsica y Astronom\u00eda<\/em><br \/>\nWestern Carolina University<\/p>\n<\/div>\n<div class=\"col-sm-4\">\n<h4>Ubicaci\u00f3n<\/h4>\n<p>SECU Daily Planet Theater \u2014 1st Floor, Nature Research Center<\/p>\n<\/div>\n<div class=\"col-sm-4\">\n<h4>Descripci\u00f3n<\/h4>\n<p>Esta pl\u00e1tica ser\u00e1 sobre la experiencia de observar los cambios de color en las estrellas distinguiendo las distorsiones atmosf\u00e9ricas de los efectos reales de su evoluci\u00f3n. Con una introducci\u00f3n por la Dra. Rachel Smith a OpenSpace, un software gratuito y de c\u00f3digo abierto, que utiliza datos reales de misiones planetarias y espaciales.<\/p>\n<p>Para mayores de 8 a\u00f1os.<\/p>\n<\/div>\n<\/div>\n<hr \/>\n<div class=\"movie-block row\">\n<div class=\"col-sm-4\">\n<h3>11:00 AM &#8211; 11:20 AM<\/h3>\n<h3>Cuentacuentos con Animales<\/h3>\n<p><em>Personal de la Sala del Descubrimiento<\/em><br \/>\nNorth Carolina Museum of Natural Sciences<\/p>\n<\/div>\n<div class=\"col-sm-4\">\n<h4>Ubicaci\u00f3n<\/h4>\n<p>Windows on the World \u2014 3rd Floor, Nature Exploration Center<\/p>\n<\/div>\n<div class=\"col-sm-4\">\n<h4>Descripci\u00f3n<\/h4>\n<p>Leeremos &#8220;La oruga muy hambrienta&#8221; y aprenderemos juntos sobre el mundo natural. \u00a1Puede que hasta nos visiten algunos animales vivos despu\u00e9s del cuento!<\/p>\n<p>Para todas las edades.<\/p>\n<\/div>\n<\/div>\n<hr \/>\n<div class=\"movie-block row\">\n<div class=\"col-sm-4\">\n<h3>12:30 PM &#8211; 12:45 PM<\/h3>\n<h3>Exhibici\u00f3n de Danza con Takiri<\/h3>\n<p>Takiri Folclor Latino<\/p>\n<\/div>\n<div class=\"col-sm-4\">\n<h4>Ubicaci\u00f3n<\/h4>\n<p>SECU Daily Planet Theater \u2014 1st Floor, Nature Research Center<\/p>\n<\/div>\n<div class=\"col-sm-4\">\n<h4>Descripci\u00f3n<\/h4>\n<p>Una exhibici\u00f3n de danza de Takiri Folclor Latino.<\/p>\n<p>Para todas las edades.<\/p>\n<\/div>\n<\/div>\n<hr \/>\n<div class=\"movie-block row\">\n<div class=\"col-sm-4\">\n<h3>1:30 PM &#8211; 1:45 PM<\/h3>\n<h3>Danza tradicional con Flor de Hidalgo<\/h3>\n<\/div>\n<div class=\"col-sm-4\">\n<h4>Ubicaci\u00f3n<\/h4>\n<p>Lobby, 1st Floor, Nature Exploration Center<\/p>\n<\/div>\n<div class=\"col-sm-4\">\n<h4>Descripci\u00f3n<\/h4>\n<p>Disfruta de un espect\u00e1culo de danza tradicional.<\/p>\n<p>Para todas las edades.<\/p>\n<\/div>\n<\/div>\n<hr \/>\n<div class=\"movie-block row\">\n<div class=\"col-sm-4\">\n<h3>1:00 PM &#8211; 1:20 PM<\/h3>\n<h3>Alimentando al Bogavante<\/h3>\n<p><em>Karen Medina-Jauregui, Curadora del Conservatorio Viviente<\/em><br \/>\nNorth Carolina Museum of Natural Sciences<\/p>\n<\/div>\n<div class=\"col-sm-4\">\n<h4>Ubicaci\u00f3n<\/h4>\n<p>Arthropod Zoo \u2014 4th Floor, Nature Exploration Center<\/p>\n<\/div>\n<div class=\"col-sm-4\">\n<h4>Descripci\u00f3n<\/h4>\n<p>Observa a nuestro equipo alimentar un bogavante vivo y pregunta a nuestro personal de Colecciones Vivas.<\/p>\n<p>Para todas las edades.<\/p>\n<\/div>\n<\/div>\n<hr \/>\n<div class=\"movie-block row\">\n<div class=\"col-sm-4\">\n<h3>2:00 PM &#8211; 2:30 PM<\/h3>\n<h3>La Magia del Magnetismo<\/h3>\n<p><em>Gerardo Santoyo<\/em><br \/>\nMaracas Montessori<\/p>\n<\/div>\n<div class=\"col-sm-4\">\n<h4>Ubicaci\u00f3n<\/h4>\n<p>Windows on the World \u2014 3rd Floor, Nature Exploration Center<\/p>\n<\/div>\n<div class=\"col-sm-4\">\n<h4>Descripci\u00f3n<\/h4>\n<p>Descubre el fen\u00f3meno del magnetismo de una manera divertida.<\/p>\n<p>Para mayores de 8 a\u00f1os.<\/p>\n<\/div>\n<\/div>\n<hr \/>\n<div class=\"movie-block row\">\n<div class=\"col-sm-4\">\n<h3>2:30 PM &#8211; 3:00 PM<\/h3>\n<h3>Danza tradicional con Flor de Hidalgo<\/h3>\n<p>Flor de Hidalgo<\/p>\n<\/div>\n<div class=\"col-sm-4\">\n<h4>Ubicaci\u00f3n<\/h4>\n<p>SECU Daily Planet Theater \u2014 1st Floor, Nature Research Center<\/p>\n<\/div>\n<div class=\"col-sm-4\">\n<h4>Descripci\u00f3n<\/h4>\n<p>Disfruta de un espect\u00e1culo de danza tradicional.<\/p>\n<p>Para todas las edades.<\/p>\n<\/div>\n<\/div>\n<hr \/>\n<div class=\"movie-block row\">\n<div class=\"col-sm-4\">\n<h3>3:30 PM &#8211; 4:00 PM<\/h3>\n<h3>Conoce a las Serpientes de Carolina del Norte<\/h3>\n<p><em>Karen Medina-Jauregui, Curadora del Conservatorio Viviente<\/em><br \/>\nNorth Carolina Museum of Natural Sciences<\/p>\n<\/div>\n<div class=\"col-sm-4\">\n<h4>Ubicaci\u00f3n<\/h4>\n<p>Windows on the World \u2014 3rd Floor, Nature Exploration Center<\/p>\n<\/div>\n<div class=\"col-sm-4\">\n<h4>Descripci\u00f3n<\/h4>\n<p>\u00a1Descubre las incre\u00edbles serpientes que habitan en Carolina del Norte! Aprende a identificarlas, explora su comportamiento natural y conoce por qu\u00e9 son tan importantes para nuestro ecosistema.<\/p>\n<p>Para todas las edades.<\/p>\n<\/div>\n<\/div>\n<hr \/>\n<div class=\"movie-block row\">\n<div class=\"col-sm-4\">\n<h3>4:30 PM &#8211; 5:00 PM<\/h3>\n<h3>Exhibici\u00f3n de Danza y Fin de Fiesta con Takiri<\/h3>\n<p>Takiri Folclor Latino<\/p>\n<\/div>\n<div class=\"col-sm-4\">\n<h4>Ubicaci\u00f3n<\/h4>\n<p>SECU Daily Planet Theater \u2014 1st Floor, Nature Research Center<\/p>\n<\/div>\n<div class=\"col-sm-4\">\n<h4>Descripci\u00f3n<\/h4>\n<p>Disfruta de la \u00faltima actuaci\u00f3n del d\u00eda y \u00fanete al fin de fiesta.<\/p>\n<p>Para todas las edades.<\/p>\n<\/div>\n<\/div>\n<p>&nbsp;<\/p>\n<hr id=\"English\" \/>\n<h2>Presentations<\/h2>\n<p>&nbsp;<\/p>\n<div class=\"movie-block row\">\n<div class=\"col-sm-4\">\n<h3>10:20 AM &#8211; 10:45 AM<\/h3>\n<h3>Welcome and Dance Performance<\/h3>\n<\/div>\n<div class=\"col-sm-4\">\n<h4>Location<\/h4>\n<p>SECU Daily Planet Theater \u2014 1st Floor, Nature Research Center<\/p>\n<\/div>\n<div class=\"col-sm-4\">\n<h4>Description<\/h4>\n<p>A dance performance by Takiri Folclor Latino, followed by remarks from museum staff, Consulate General of Mexico and Red Global MX Chapter Raleigh.<\/p>\n<p>All ages.<\/p>\n<\/div>\n<\/div>\n<hr \/>\n<div class=\"movie-block row\">\n<div class=\"col-sm-4\">\n<h3>11:00 AM &#8211; 11:40 AM<\/h3>\n<h3>When Stars Change Color, with an introduction to OpenSpace<\/h3>\n<p><em>Dr. Enrique G\u00f3mez, Professor of Physics and Astronomy<\/em><br \/>\nWestern Carolina University<\/p>\n<\/div>\n<div class=\"col-sm-4\">\n<h4>Location<\/h4>\n<p>SECU Daily Planet Theater \u2014 1st Floor, Nature Research Center<\/p>\n<\/div>\n<div class=\"col-sm-4\">\n<h4>Description<\/h4>\n<p>This talk explores the experience of observing color changes in stars, distinguishing between atmospheric distortions and the real effects of stellar evolution. Dr. Rachel Smith will also provide an introduction to OpenSpace, a free, open-source software that utilizes real data from planetary and space missions.<\/p>\n<p>Ages 8 and up.<\/p>\n<\/div>\n<\/div>\n<hr \/>\n<div class=\"movie-block row\">\n<div class=\"col-sm-4\">\n<h3>11:00 AM &#8211; 11:20 AM<\/h3>\n<h3>Storytime with Animals<\/h3>\n<p><em>Discovery Room Staff<\/em><br \/>\nNorth Carolina Museum of Natural Sciences<\/p>\n<\/div>\n<div class=\"col-sm-4\">\n<h4>Location<\/h4>\n<p>Windows on the World \u2014 3rd Floor, Nature Exploration Center<\/p>\n<\/div>\n<div class=\"col-sm-4\">\n<h4>Description<\/h4>\n<p>Join us for bilingual story time as we read &#8220;The Very Hungry Caterpillar.&#8221; We&#8217;ll even have a live animal ambassador join us after the story!<\/p>\n<p>All Ages.<\/p>\n<\/div>\n<\/div>\n<hr \/>\n<div class=\"movie-block row\">\n<div class=\"col-sm-4\">\n<h3>12:30 PM &#8211; 12:45 PM<\/h3>\n<h3>Dance Exhibition<\/h3>\n<p>Takiri Folclor Latino<\/p>\n<\/div>\n<div class=\"col-sm-4\">\n<h4>Location<\/h4>\n<p>SECU Daily Planet Theater \u2014 1st Floor, Nature Research Center<\/p>\n<\/div>\n<div class=\"col-sm-4\">\n<h4>Description<\/h4>\n<p>A dance performance by Takiri Folclor Latino.<\/p>\n<p>All Ages.<\/p>\n<\/div>\n<\/div>\n<hr \/>\n<div class=\"movie-block row\">\n<div class=\"col-sm-4\">\n<h3>1:30 PM &#8211; 1:45 PM<\/h3>\n<h3>Traditional Dance with Flor de Hidalgo<\/h3>\n<p>Flor de Hidalgo<\/p>\n<\/div>\n<div class=\"col-sm-4\">\n<h4>Location<\/h4>\n<p>Lobby, 1st Floor, Nature Exploration Center<\/p>\n<\/div>\n<div class=\"col-sm-4\">\n<h4>Description<\/h4>\n<p>Enjoy a traditional dance performance.<\/p>\n<p>All ages.<\/p>\n<\/div>\n<\/div>\n<hr \/>\n<div class=\"movie-block row\">\n<div class=\"col-sm-4\">\n<h3>1:00 PM &#8211; 1:20PM<\/h3>\n<h3>Lobster Feeding<\/h3>\n<p><em>Karen Medina-Jauregui, Curator of the Living Conservatory<\/em><br \/>\nNorth Carolina Museum of Natural Sciences<\/p>\n<\/div>\n<div class=\"col-sm-4\">\n<h4>Location<\/h4>\n<p>Arthropod Zoo \u2014 4th Floor, Nature Exploration Center<\/p>\n<\/div>\n<div class=\"col-sm-4\">\n<h4>Description<\/h4>\n<p>Watch our team feed a live lobster, and ask questions to our Living Collections staff.<\/p>\n<p>All ages.<\/p>\n<\/div>\n<\/div>\n<hr \/>\n<div class=\"movie-block row\">\n<div class=\"col-sm-4\">\n<h3>2:00 PM &#8211; 2:30 PM<\/h3>\n<h3>The Magic of Magnetism<\/h3>\n<p><em>Gerardo Santoyo<\/em><br \/>\nMaracas Montessori<\/p>\n<\/div>\n<div class=\"col-sm-4\">\n<h4>Location<\/h4>\n<p>Windows on the World \u2014 3rd Floor, Nature Exploration Center<\/p>\n<\/div>\n<div class=\"col-sm-4\">\n<h4>Description<\/h4>\n<p>Discover the phenomenon of magnetism in an entertaining way.<\/p>\n<p>Ages 8 and up.<\/p>\n<\/div>\n<\/div>\n<hr \/>\n<div class=\"movie-block row\">\n<div class=\"col-sm-4\">\n<h3>2:30 PM &#8211; 3:00 PM<\/h3>\n<h3>Traditional Dance with Flor de Hidalgo<\/h3>\n<p>Flor de Hidalgo<\/p>\n<\/div>\n<div class=\"col-sm-4\">\n<h4>Location<\/h4>\n<p>SECU Daily Planet Theater \u2014 1st Floor, Nature Research Center<\/p>\n<\/div>\n<div class=\"col-sm-4\">\n<h4>Description<\/h4>\n<p>Enjoy a traditional dance performance.<\/p>\n<p>All ages.<\/p>\n<\/div>\n<\/div>\n<hr \/>\n<div class=\"movie-block row\">\n<div class=\"col-sm-4\">\n<h3>3:30 PM &#8211; 4:00 PM<\/h3>\n<h3>Meet the Snakes of North Carolina<\/h3>\n<p><em>Karen Medina-Jauregui, Curator of the Living Conservatory<\/em><br \/>\nNorth Carolina Museum of Natural Sciences<\/p>\n<\/div>\n<div class=\"col-sm-4\">\n<h4>Location<\/h4>\n<p>Windows on the World \u2014 3rd Floor, Nature Exploration Center<\/p>\n<\/div>\n<div class=\"col-sm-4\">\n<h4>Description<\/h4>\n<p>Get to know the amazing snakes that call North Carolina home! Learn how to identify them, explore their natural behaviors, and discover why they\u2019re so important to our environment.<\/p>\n<p>All ages.<\/p>\n<\/div>\n<\/div>\n<hr \/>\n<div class=\"movie-block row\">\n<div class=\"col-sm-4\">\n<h3>4:30 PM &#8211; 5:00 PM<\/h3>\n<h3>Dance Exhibition and Farewell<\/h3>\n<p>Takiri Folclor Latino<\/p>\n<\/div>\n<div class=\"col-sm-4\">\n<h4>Location<\/h4>\n<p>SECU Daily Planet Theater \u2014 1st Floor, Nature Research Center<\/p>\n<\/div>\n<div class=\"col-sm-4\">\n<h4>Description<\/h4>\n<p>Enjoy a final dance performance as the event comes to a close.<\/p>\n<p>All ages.<\/p>\n<\/div>\n<\/div>\n","protected":false},"excerpt":{"rendered":"<p>D\u00eda de la Ciencia y la Cultura Exhibiciones y Actividades\u00a0|\u00a0Exhibits &amp; Activities Accesibilidad |\u00a0Accessibility Voluntarios\u00a0|\u00a0Volunteers Presentaciones | Presentations 10:20 AM &#8211; 10:45 AM Bienvenida y Exhibici\u00f3n de Danza Ubicaci\u00f3n SECU Daily Planet Theater \u2014 1st Floor, Nature Research Center Descripci\u00f3n Una exhibici\u00f3n de danza de Takiri Folclor Latino y bienvenida con comentarios de NCMNS, el&#8230; <a class=\"read-more\" href=\"https:\/\/naturalsciences.org\/calendar\/presentaciones-dia-de-la-ciencia-y-la-cultura-2\/\">Read More ><\/a><\/p>\n","protected":false},"author":60,"featured_media":0,"parent":0,"menu_order":0,"comment_status":"closed","ping_status":"closed","template":"full-width.php","meta":{"_links_to":"","_links_to_target":""},"acf":[],"_links":{"self":[{"href":"https:\/\/naturalsciences.org\/calendar\/wp-json\/wp\/v2\/pages\/112367"}],"collection":[{"href":"https:\/\/naturalsciences.org\/calendar\/wp-json\/wp\/v2\/pages"}],"about":[{"href":"https:\/\/naturalsciences.org\/calendar\/wp-json\/wp\/v2\/types\/page"}],"author":[{"embeddable":true,"href":"https:\/\/naturalsciences.org\/calendar\/wp-json\/wp\/v2\/users\/60"}],"replies":[{"embeddable":true,"href":"https:\/\/naturalsciences.org\/calendar\/wp-json\/wp\/v2\/comments?post=112367"}],"version-history":[{"count":0,"href":"https:\/\/naturalsciences.org\/calendar\/wp-json\/wp\/v2\/pages\/112367\/revisions"}],"wp:attachment":[{"href":"https:\/\/naturalsciences.org\/calendar\/wp-json\/wp\/v2\/media?parent=112367"}],"curies":[{"name":"wp","href":"https:\/\/api.w.org\/{rel}","templated":true}]}}